en 5806 is divided by 115.
56
Calculate the remainder when 2550296 is divided by 326.
324
What is the remainder when 7812 is divided by 2779?
2254
Calculate the remainder when 17386 is divided by 95.
1
What is the remainder when 2256 is divided by 154?
100
What is the remainder when 4528 is divided by 1131?
4
Calculate the remainder when 216719 is divided by 22.
19
What is the remainder when 21197 is divided by 7024?
125
Calculate the remainder when 528 is divided by 264.
0
What is the remainder when 24606 is divided by 8202?
0
What is the remainder when 3299 is divided by 242?
153
What is the remainder when 6048 is divided by 93?
3
Calculate the remainder when 819933 is divided by 34.
23
Calculate the remainder when 278204 is divided by 63.
59
What is the remainder when 2518 is divided by 337?
159
What is the remainder when 8187 is divided by 42?
39
What is the remainder when 17529 is divided by 47?
45
Calculate the remainder when 249067 is divided by 142.
141
Calculate the remainder when 2499 is divided by 74.
57
Calculate the remainder when 78579 is divided by 4135.
14
What is the remainder when 473061 is divided by 101?
78
What is the remainder when 6938 is divided by 187?
19
Calculate the remainder when 23947 is divided by 16.
11
Calculate the remainder when 16495 is divided by 322.
73
What is the remainder when 22109 is divided by 157?
129
Calculate the remainder when 1696 is divided by 805.
86
What is the remainder when 15770 is divided by 2893?
1305
Calculate the remainder when 74330 is divided by 177.
167
Calculate the remainder when 56609 is divided by 164.
29
What is the remainder when 2333 is divided by 48?
29
Calculate the remainder when 533 is divided by 515.
18
Calculate the remainder when 543515 is divided by 42.
35
Calculate the remainder when 52860 is divided by 236.
232
Calculate the remainder when 6789 is divided by 316.
153
What is the remainder when 16680 is divided by 1853?
3
What is the remainder when 7961 is divided by 82?
7
What is the remainder when 526 is divided by 93?
61
What is the remainder when 57292 is divided by 8182?
18
Calculate the remainder when 138764 is divided by 435.
434
Calculate the remainder when 23780 is divided by 27.
20
Calculate the remainder when 4833422 is divided by 357.
356
Calculate the remainder when 180280 is divided by 25754.
2
What is the remainder when 97703 is divided by 60?
23
What is the remainder when 3681 is divided by 169?
132
Calculate the remainder when 65868 is divided by 72.
60
What is the remainder when 3424 is divided by 948?
580
What is the remainder when 1457247 is divided by 67?
64
Calculate the remainder when 76671 is divided by 589.
101
Calculate the remainder when 1771955 is divided by 9.
8
What is the remainder when 19091 is divided by 113?
107
Calculate the remainder when 12523 is divided by 20.
3
What is the remainder when 25489 is divided by 186?
7
Calculate the remainder when 3149 is divided by 1043.
20
What is the remainder when 1860 is divided by 1808?
52
What is the remainder when 5005 is divided by 943?
290
Calculate the remainder when 2836 is divided by 1400.
36
Calculate the remainder when 106674 is divided by 404.
18
Calculate the remainder when 1491766 is divided by 7611.
10
Calculate the remainder when 34485 is divided by 11495.
0
Calculate the remainder when 18535 is divided by 97.
8
What is the remainder when 13377 is divided by 186?
171
Calculate the remainder when 16644 is divided by 16582.
62
Calculate the remainder when 222897 is divided by 1319.
1305
What is the remainder when 4199 is divided by 175?
174
Calculate the remainder when 51111 is divided by 190.
1
What is the remainder when 8161 is divided by 88?
65
Calculate the remainder when 189778 is divided by 10543.
4
What is the remainder when 254598 is divided by 64?
6
What is the remainder when 10349 is divided by 3429?
62
Calculate the remainder when 17752 is divided by 55.
42
Calculate the remainder when 6051 is divided by 178.
177
What is the remainder when 73910 is divided by 119?
11
Calculate the remainder when 14622 is divided by 659.
124
What is the remainder when 95248 is divided by 104?
88
What is the remainder when 11446 is divided by 31?
7
Calculate the remainder when 31469 is divided by 10.
9
What is the remainder when 127871 is divided by 36?
35
Calculate the remainder when 18219 is divided by 268.
263
What is the remainder when 52411 is divided by 21?
16
What is the remainder when 2103 is divided by 1790?
313
What is the remainder when 39405 is divided by 7869?
60
What is the remainder when 191752 is divided by 3424?
8
What is the remainder when 65222 is divided by 192?
134
Calculate the remainder when 9139 is divided by 203.
4
Calculate the remainder when 10524 is divided by 1310.
44
What is the remainder when 375 is divided by 190?
185
Calculate the remainder when 1722 is divided by 1.
0
Calculate the remainder when 13044 is divided by 318.
6
Calculate the remainder when 2476678 is divided by 13.
9
What is the remainder when 516393 is divided by 258178?
37
What is the remainder when 614 is divided by 132?
86
Calculate the remainder when 3979 is divided by 782.
69
Calculate the remainder when 28602 is divided by 1442.
1204
What is the remainder when 2373 is divided by 298?
287
Calculate the remainder when 5338 is divided by 281.
280
Calculate the remainder when 45190 is divided by 5014.
64
Calculate the remainder when 95930 is divided by 10.
0
Calculate the remainder when 60729 is divided by 5047.
165
Calculate the remainder when 4357 is divided by 4332.
25
What is the remainder when 1468 is divided by 1466?
2
What is the remainder when 164322 is divided by 37?
5
What is the remainder when 229499 is divided by 10928?
11
Calculate the remainder when 4960 is divided by 36.
28
Calculate the remainder when 10353 is divided by 5051.
251
What is the remainder when 9843 is divided by 865?
328
What is the remainder when 2516 is divided by 1252?
12
What is the remainder when 21340 is divided by 4264?
20
What is the remainder when 3410 is divided by 340?
10
Calculate the remainder when 994 is divided by 967.
27
What is the remainder when 20138 is divided by 44?
30
What is the remainder when 316279 is divided by 12?
7
What is the remainder when 15894 is divided by 93?
84
Calculate the remainder when 35299 is divided by 4.
3
What is the remainder when 5906 is divided by 1474?
10
What is the remainder when 52580 is divided by 195?
125
Calculate the remainder when 21473 is divided by 236.
233
Calculate the remainder when 36151 is divided by 4510.
71
Calculate the remainder when 31551 is divided by 190.
11
Calculate the remainder when 3804 is divided by 560.
444
Calculate the remainder when 22472 is divided by 1312.
168
What is the remainder when 877580 is divided by 9?
8
What is the remainder when 53778 is divided by 17923?
9
Calculate the remainder when 3808 is divided by 1249.
61
Calculate the remainder when 6885 is divided by 1144.
21
Calculate the remainder when 3675 is divided by 52.
35
Calculate the remainder when 317435 is divided by 158712.
11
What is the remainder when 2655519 is divided by 28?
27
What is the remainder when 68523 is divided by 94?
91
Calculate the remainder when 2942 is divided by 1344.
254
What is the remainder when 3355 is divided by 48?
43
What is the remainder when 6574 is divided by 3250?
74
Calculate the remainder when 71072 is divided by 23688.
8
Calculate the remainder when 34341 is divided by 29.
5
Calculate the remainder when 13653 is divided by 427.
416
What is the remainder when 90716 is divided by 30?
26
Calculate the remainder when 24434 is divided by 2219.
25
What is the remainder when 972 is divided by 57?
3
What is the remainder when 9697 is divided by 970?
967
Calculate the remainder when 4490 is divided by 1061.
246
Calculate the remainder when 86985 is divided by 1851.
1839
Calculate the remainder when 27004 is divided by 1687.
12
What is the remainder when 43797 is divided by 14590?
27
Calculate the remainder when 15032 is divided by 602.
584
What is the remainder when 227591 is divided by 227569?
22
What is the remainder when 11693 is divided by 2896?
109
Calculate the remainder when 57148 is divided by 90.
88
What is the remainder when 21